{"id":2,"date":"2024-02-26T16:35:20","date_gmt":"2024-02-26T16:35:20","guid":{"rendered":"http:\/\/www.toimintajakyky.fi\/?page_id=2"},"modified":"2026-01-10T17:26:40","modified_gmt":"2026-01-10T17:26:40","slug":"sample-page","status":"publish","type":"page","link":"https:\/\/www.toimintajakyky.fi\/","title":{"rendered":"Kiireett\u00f6mi\u00e4 kohtaamisia suurella syd\u00e4mell\u00e4!"},"content":{"rendered":"\n<div class=\"wp-block-columns is-layout-flex wp-container-core-columns-is-layout-9d6595d7 wp-block-columns-is-layout-flex\">\n<div class=\"wp-block-column is-layout-flow wp-block-column-is-layout-flow\">\n<p>Tarjoan monipuolisia p\u00e4\u00e4s\u00e4\u00e4nt\u00f6isesti ik\u00e4\u00e4ntyville kotiin viet\u00e4vi\u00e4 toimintakyky\u00e4 tukevia kokonaisvaltaisia palveluja, joiden punaisena lankana on asiakkaiden kohtaaminen kiireett\u00e4, yksil\u00f6llisesti ja suurella syd\u00e4mell\u00e4.<\/p>\n\n\n\n<h2 class=\"wp-block-heading\">Ajankohtaista<\/h2>\n\n\n\n<ul class=\"wp-block-list\">\n<li><a href=\"https:\/\/www.toimintajakyky.fi\/index.php\/ikaihmiset\/kotivalmennus\/\">Kysy kotihoidon palveluita, muutamia vapaita aikoja j\u00e4ljell\u00e4.<\/a><\/li>\n<\/ul>\n\n\n\n<h2 class=\"wp-block-heading\">Kotihoito <\/h2>\n\n\n\n<ul class=\"wp-block-list\">\n<li><a href=\"https:\/\/www.toimintajakyky.fi\/index.php\/ikaihmiset\/kotivalmennus\/\">Huolettaako omaisesi itsen\u00e4inen selvi\u00e4minen kotona?<\/a><\/li>\n\n\n\n<li><a href=\"https:\/\/www.toimintajakyky.fi\/index.php\/ikaihmiset\/kotivalmennus\/\">Kaipaatko tai kaipaako ik\u00e4\u00e4ntynyt l\u00e4heisesi tukea arjen askareisiin? <\/a><\/li>\n<\/ul>\n\n\n\n<p>Paikallinen ja luotettava. Toiminta-alueena on p\u00e4\u00e4s\u00e4\u00e4nt\u00f6isesti Laitila, tarvittaessa koko Vakka-Suomi.<\/p>\n<\/div>\n\n\n\n<div class=\"wp-block-column is-layout-flow wp-block-column-is-layout-flow\">\n<figure class=\"wp-block-image size-large\"><img loading=\"lazy\" decoding=\"async\" width=\"1024\" height=\"1024\" src=\"https:\/\/www.toimintajakyky.fi\/wp-content\/uploads\/2025\/05\/Nimeton-malli-13-1024x1024.png\" alt=\"\" class=\"wp-image-383\" srcset=\"https:\/\/www.toimintajakyky.fi\/wp-content\/uploads\/2025\/05\/Nimeton-malli-13-1024x1024.png 1024w, https:\/\/www.toimintajakyky.fi\/wp-content\/uploads\/2025\/05\/Nimeton-malli-13-300x300.png 300w, https:\/\/www.toimintajakyky.fi\/wp-content\/uploads\/2025\/05\/Nimeton-malli-13-150x150.png 150w, https:\/\/www.toimintajakyky.fi\/wp-content\/uploads\/2025\/05\/Nimeton-malli-13-768x768.png 768w, https:\/\/www.toimintajakyky.fi\/wp-content\/uploads\/2025\/05\/Nimeton-malli-13.png 1080w\" sizes=\"auto, (max-width: 1024px) 100vw, 1024px\" \/><\/figure>\n<\/div>\n<\/div>\n\n\n\n<div class=\"wp-block-columns is-layout-flex wp-container-core-columns-is-layout-9d6595d7 wp-block-columns-is-layout-flex\">\n<div class=\"wp-block-column is-layout-flow wp-block-column-is-layout-flow\" style=\"flex-basis:66.66%\">\n<div class=\"wp-block-buttons is-layout-flex wp-block-buttons-is-layout-flex\">\n<div class=\"wp-block-button\"><a class=\"wp-block-button__link wp-element-button\" href=\"https:\/\/www.toimintajakyky.fi\/index.php\/yhteystiedot\/\" target=\"_blank\" rel=\"noreferrer noopener\">Kuka min\u00e4 olen? \/ Yhteystiedot ja hinnasto<\/a><\/div>\n<\/div>\n<\/div>\n\n\n\n<div class=\"wp-block-column is-layout-flow wp-block-column-is-layout-flow\" style=\"flex-basis:33.33%\"><\/div>\n<\/div>\n\n\n\n<div class=\"wp-block-columns is-layout-flex wp-container-core-columns-is-layout-9d6595d7 wp-block-columns-is-layout-flex\">\n<div class=\"wp-block-column is-layout-flow wp-block-column-is-layout-flow\"><\/div>\n\n\n\n<div class=\"wp-block-column is-layout-flow wp-block-column-is-layout-flow\"><\/div>\n<\/div>\n\n\n\n<p><\/p>\n","protected":false},"excerpt":{"rendered":"<p>Tarjoan monipuolisia p\u00e4\u00e4s\u00e4\u00e4nt\u00f6isesti ik\u00e4\u00e4ntyville kotiin viet\u00e4vi\u00e4 toimintakyky\u00e4 tukevia kokonaisvaltaisia palveluja, joiden punaisena lankana on asiakkaiden kohtaaminen kiireett\u00e4, yksil\u00f6llisesti ja suurella syd\u00e4mell\u00e4. Ajankohtaista Kotihoito Paikallinen ja luotettava. Toiminta-alueena on p\u00e4\u00e4s\u00e4\u00e4nt\u00f6isesti Laitila, tarvittaessa koko Vakka-Suomi.<\/p>\n","protected":false},"author":1,"featured_media":365,"parent":0,"menu_order":0,"comment_status":"closed","ping_status":"closed","template":"","meta":{"_kad_post_transparent":"","_kad_post_title":"","_kad_post_layout":"fullwidth","_kad_post_sidebar_id":"","_kad_post_content_style":"","_kad_post_vertical_padding":"","_kad_post_feature":"","_kad_post_feature_position":"","_kad_post_header":false,"_kad_post_footer":false,"_kad_post_classname":"","footnotes":""},"class_list":["post-2","page","type-page","status-publish","has-post-thumbnail","hentry"],"yoast_head":"<!-- This site is optimized with the Yoast SEO plugin v27.4 - https:\/\/yoast.com\/product\/yoast-seo-wordpress\/ -->\n<title>Kiireett\u00f6mi\u00e4 kohtaamisia suurella syd\u00e4mell\u00e4! - Toiminta &amp; Kyky<\/title>\n<meta name=\"description\" content=\"Ik\u00e4\u00e4ntyneiden ik\u00e4valmennusta ja kotiapua sek\u00e4 paljon muuta! Tukea arkesi tai l\u00e4heisesi sujuvoittamiseksi.\" \/>\n<meta name=\"robots\" content=\"index, follow, max-snippet:-1, max-image-preview:large, max-video-preview:-1\" \/>\n<link rel=\"canonical\" href=\"https:\/\/www.toimintajakyky.fi\/\" \/>\n<meta property=\"og:locale\" content=\"fi_FI\" \/>\n<meta property=\"og:type\" content=\"article\" \/>\n<meta property=\"og:title\" content=\"Kiireett\u00f6mi\u00e4 kohtaamisia suurella syd\u00e4mell\u00e4! - Toiminta &amp; Kyky\" \/>\n<meta property=\"og:description\" content=\"Ik\u00e4\u00e4ntyneiden ik\u00e4valmennusta ja kotiapua sek\u00e4 paljon muuta! Tukea arkesi tai l\u00e4heisesi sujuvoittamiseksi.\" \/>\n<meta property=\"og:url\" content=\"https:\/\/www.toimintajakyky.fi\/\" \/>\n<meta property=\"og:site_name\" content=\"Toiminta &amp; Kyky\" \/>\n<meta property=\"article:modified_time\" content=\"2026-01-10T17:26:40+00:00\" \/>\n<meta property=\"og:image\" content=\"https:\/\/www.toimintajakyky.fi\/wp-content\/uploads\/2025\/01\/Muista-ikaantynytta-laheistasi-1.png\" \/>\n\t<meta property=\"og:image:width\" content=\"1100\" \/>\n\t<meta property=\"og:image:height\" content=\"400\" \/>\n\t<meta property=\"og:image:type\" content=\"image\/png\" \/>\n<meta name=\"twitter:card\" content=\"summary_large_image\" \/>\n<meta name=\"twitter:label1\" content=\"Arvioitu lukuaika\" \/>\n\t<meta name=\"twitter:data1\" content=\"1 minuutti\" \/>\n<script type=\"application\/ld+json\" class=\"yoast-schema-graph\">{\"@context\":\"https:\\\/\\\/schema.org\",\"@graph\":[{\"@type\":\"WebPage\",\"@id\":\"https:\\\/\\\/www.toimintajakyky.fi\\\/\",\"url\":\"https:\\\/\\\/www.toimintajakyky.fi\\\/\",\"name\":\"Kiireett\u00f6mi\u00e4 kohtaamisia suurella syd\u00e4mell\u00e4! - Toiminta &amp; Kyky\",\"isPartOf\":{\"@id\":\"https:\\\/\\\/www.toimintajakyky.fi\\\/#website\"},\"primaryImageOfPage\":{\"@id\":\"https:\\\/\\\/www.toimintajakyky.fi\\\/#primaryimage\"},\"image\":{\"@id\":\"https:\\\/\\\/www.toimintajakyky.fi\\\/#primaryimage\"},\"thumbnailUrl\":\"https:\\\/\\\/www.toimintajakyky.fi\\\/wp-content\\\/uploads\\\/2025\\\/01\\\/Muista-ikaantynytta-laheistasi-1.png\",\"datePublished\":\"2024-02-26T16:35:20+00:00\",\"dateModified\":\"2026-01-10T17:26:40+00:00\",\"description\":\"Ik\u00e4\u00e4ntyneiden ik\u00e4valmennusta ja kotiapua sek\u00e4 paljon muuta! Tukea arkesi tai l\u00e4heisesi sujuvoittamiseksi.\",\"breadcrumb\":{\"@id\":\"https:\\\/\\\/www.toimintajakyky.fi\\\/#breadcrumb\"},\"inLanguage\":\"fi\",\"potentialAction\":[{\"@type\":\"ReadAction\",\"target\":[\"https:\\\/\\\/www.toimintajakyky.fi\\\/\"]}]},{\"@type\":\"ImageObject\",\"inLanguage\":\"fi\",\"@id\":\"https:\\\/\\\/www.toimintajakyky.fi\\\/#primaryimage\",\"url\":\"https:\\\/\\\/www.toimintajakyky.fi\\\/wp-content\\\/uploads\\\/2025\\\/01\\\/Muista-ikaantynytta-laheistasi-1.png\",\"contentUrl\":\"https:\\\/\\\/www.toimintajakyky.fi\\\/wp-content\\\/uploads\\\/2025\\\/01\\\/Muista-ikaantynytta-laheistasi-1.png\",\"width\":1100,\"height\":400},{\"@type\":\"BreadcrumbList\",\"@id\":\"https:\\\/\\\/www.toimintajakyky.fi\\\/#breadcrumb\",\"itemListElement\":[{\"@type\":\"ListItem\",\"position\":1,\"name\":\"Etusivu\",\"item\":\"https:\\\/\\\/www.toimintajakyky.fi\\\/\"},{\"@type\":\"ListItem\",\"position\":2,\"name\":\"Kiireett\u00f6mi\u00e4 kohtaamisia suurella syd\u00e4mell\u00e4!\"}]},{\"@type\":\"WebSite\",\"@id\":\"https:\\\/\\\/www.toimintajakyky.fi\\\/#website\",\"url\":\"https:\\\/\\\/www.toimintajakyky.fi\\\/\",\"name\":\"Toiminta &amp; Kyky\",\"description\":\"Hyvinvointia arkeesi!\",\"publisher\":{\"@id\":\"https:\\\/\\\/www.toimintajakyky.fi\\\/#organization\"},\"potentialAction\":[{\"@type\":\"SearchAction\",\"target\":{\"@type\":\"EntryPoint\",\"urlTemplate\":\"https:\\\/\\\/www.toimintajakyky.fi\\\/?s={search_term_string}\"},\"query-input\":{\"@type\":\"PropertyValueSpecification\",\"valueRequired\":true,\"valueName\":\"search_term_string\"}}],\"inLanguage\":\"fi\"},{\"@type\":\"Organization\",\"@id\":\"https:\\\/\\\/www.toimintajakyky.fi\\\/#organization\",\"name\":\"Toiminta &amp; Kyky\",\"url\":\"https:\\\/\\\/www.toimintajakyky.fi\\\/\",\"logo\":{\"@type\":\"ImageObject\",\"inLanguage\":\"fi\",\"@id\":\"https:\\\/\\\/www.toimintajakyky.fi\\\/#\\\/schema\\\/logo\\\/image\\\/\",\"url\":\"https:\\\/\\\/www.toimintajakyky.fi\\\/wp-content\\\/uploads\\\/2024\\\/02\\\/Nimeton-malli-6.png\",\"contentUrl\":\"https:\\\/\\\/www.toimintajakyky.fi\\\/wp-content\\\/uploads\\\/2024\\\/02\\\/Nimeton-malli-6.png\",\"width\":1500,\"height\":1500,\"caption\":\"Toiminta &amp; Kyky\"},\"image\":{\"@id\":\"https:\\\/\\\/www.toimintajakyky.fi\\\/#\\\/schema\\\/logo\\\/image\\\/\"}}]}<\/script>\n<!-- \/ Yoast SEO plugin. -->","yoast_head_json":{"title":"Kiireett\u00f6mi\u00e4 kohtaamisia suurella syd\u00e4mell\u00e4! - Toiminta &amp; Kyky","description":"Ik\u00e4\u00e4ntyneiden ik\u00e4valmennusta ja kotiapua sek\u00e4 paljon muuta! Tukea arkesi tai l\u00e4heisesi sujuvoittamiseksi.","robots":{"index":"index","follow":"follow","max-snippet":"max-snippet:-1","max-image-preview":"max-image-preview:large","max-video-preview":"max-video-preview:-1"},"canonical":"https:\/\/www.toimintajakyky.fi\/","og_locale":"fi_FI","og_type":"article","og_title":"Kiireett\u00f6mi\u00e4 kohtaamisia suurella syd\u00e4mell\u00e4! - Toiminta &amp; Kyky","og_description":"Ik\u00e4\u00e4ntyneiden ik\u00e4valmennusta ja kotiapua sek\u00e4 paljon muuta! Tukea arkesi tai l\u00e4heisesi sujuvoittamiseksi.","og_url":"https:\/\/www.toimintajakyky.fi\/","og_site_name":"Toiminta &amp; Kyky","article_modified_time":"2026-01-10T17:26:40+00:00","og_image":[{"width":1100,"height":400,"url":"https:\/\/www.toimintajakyky.fi\/wp-content\/uploads\/2025\/01\/Muista-ikaantynytta-laheistasi-1.png","type":"image\/png"}],"twitter_card":"summary_large_image","twitter_misc":{"Arvioitu lukuaika":"1 minuutti"},"schema":{"@context":"https:\/\/schema.org","@graph":[{"@type":"WebPage","@id":"https:\/\/www.toimintajakyky.fi\/","url":"https:\/\/www.toimintajakyky.fi\/","name":"Kiireett\u00f6mi\u00e4 kohtaamisia suurella syd\u00e4mell\u00e4! - Toiminta &amp; Kyky","isPartOf":{"@id":"https:\/\/www.toimintajakyky.fi\/#website"},"primaryImageOfPage":{"@id":"https:\/\/www.toimintajakyky.fi\/#primaryimage"},"image":{"@id":"https:\/\/www.toimintajakyky.fi\/#primaryimage"},"thumbnailUrl":"https:\/\/www.toimintajakyky.fi\/wp-content\/uploads\/2025\/01\/Muista-ikaantynytta-laheistasi-1.png","datePublished":"2024-02-26T16:35:20+00:00","dateModified":"2026-01-10T17:26:40+00:00","description":"Ik\u00e4\u00e4ntyneiden ik\u00e4valmennusta ja kotiapua sek\u00e4 paljon muuta! Tukea arkesi tai l\u00e4heisesi sujuvoittamiseksi.","breadcrumb":{"@id":"https:\/\/www.toimintajakyky.fi\/#breadcrumb"},"inLanguage":"fi","potentialAction":[{"@type":"ReadAction","target":["https:\/\/www.toimintajakyky.fi\/"]}]},{"@type":"ImageObject","inLanguage":"fi","@id":"https:\/\/www.toimintajakyky.fi\/#primaryimage","url":"https:\/\/www.toimintajakyky.fi\/wp-content\/uploads\/2025\/01\/Muista-ikaantynytta-laheistasi-1.png","contentUrl":"https:\/\/www.toimintajakyky.fi\/wp-content\/uploads\/2025\/01\/Muista-ikaantynytta-laheistasi-1.png","width":1100,"height":400},{"@type":"BreadcrumbList","@id":"https:\/\/www.toimintajakyky.fi\/#breadcrumb","itemListElement":[{"@type":"ListItem","position":1,"name":"Etusivu","item":"https:\/\/www.toimintajakyky.fi\/"},{"@type":"ListItem","position":2,"name":"Kiireett\u00f6mi\u00e4 kohtaamisia suurella syd\u00e4mell\u00e4!"}]},{"@type":"WebSite","@id":"https:\/\/www.toimintajakyky.fi\/#website","url":"https:\/\/www.toimintajakyky.fi\/","name":"Toiminta &amp; Kyky","description":"Hyvinvointia arkeesi!","publisher":{"@id":"https:\/\/www.toimintajakyky.fi\/#organization"},"potentialAction":[{"@type":"SearchAction","target":{"@type":"EntryPoint","urlTemplate":"https:\/\/www.toimintajakyky.fi\/?s={search_term_string}"},"query-input":{"@type":"PropertyValueSpecification","valueRequired":true,"valueName":"search_term_string"}}],"inLanguage":"fi"},{"@type":"Organization","@id":"https:\/\/www.toimintajakyky.fi\/#organization","name":"Toiminta &amp; Kyky","url":"https:\/\/www.toimintajakyky.fi\/","logo":{"@type":"ImageObject","inLanguage":"fi","@id":"https:\/\/www.toimintajakyky.fi\/#\/schema\/logo\/image\/","url":"https:\/\/www.toimintajakyky.fi\/wp-content\/uploads\/2024\/02\/Nimeton-malli-6.png","contentUrl":"https:\/\/www.toimintajakyky.fi\/wp-content\/uploads\/2024\/02\/Nimeton-malli-6.png","width":1500,"height":1500,"caption":"Toiminta &amp; Kyky"},"image":{"@id":"https:\/\/www.toimintajakyky.fi\/#\/schema\/logo\/image\/"}}]}},"_links":{"self":[{"href":"https:\/\/www.toimintajakyky.fi\/index.php\/wp-json\/wp\/v2\/pages\/2","targetHints":{"allow":["GET"]}}],"collection":[{"href":"https:\/\/www.toimintajakyky.fi\/index.php\/wp-json\/wp\/v2\/pages"}],"about":[{"href":"https:\/\/www.toimintajakyky.fi\/index.php\/wp-json\/wp\/v2\/types\/page"}],"author":[{"embeddable":true,"href":"https:\/\/www.toimintajakyky.fi\/index.php\/wp-json\/wp\/v2\/users\/1"}],"replies":[{"embeddable":true,"href":"https:\/\/www.toimintajakyky.fi\/index.php\/wp-json\/wp\/v2\/comments?post=2"}],"version-history":[{"count":55,"href":"https:\/\/www.toimintajakyky.fi\/index.php\/wp-json\/wp\/v2\/pages\/2\/revisions"}],"predecessor-version":[{"id":468,"href":"https:\/\/www.toimintajakyky.fi\/index.php\/wp-json\/wp\/v2\/pages\/2\/revisions\/468"}],"wp:featuredmedia":[{"embeddable":true,"href":"https:\/\/www.toimintajakyky.fi\/index.php\/wp-json\/wp\/v2\/media\/365"}],"wp:attachment":[{"href":"https:\/\/www.toimintajakyky.fi\/index.php\/wp-json\/wp\/v2\/media?parent=2"}],"curies":[{"name":"wp","href":"https:\/\/api.w.org\/{rel}","templated":true}]}}